{"id":1763,"date":"2015-06-20T14:23:18","date_gmt":"2015-06-20T12:23:18","guid":{"rendered":"http:\/\/bluesclass.de\/?page_id=1763"},"modified":"2016-02-25T19:42:08","modified_gmt":"2016-02-25T17:42:08","slug":"location-und-unterkunft","status":"publish","type":"page","link":"https:\/\/bluesclass.de\/?page_id=1763","title":{"rendered":"Location und Unterkunft"},"content":{"rendered":"<p><strong>Location<\/strong><\/p>\n<p><a title=\"Musikschule F\u00fcrth\" href=\"http:\/\/www.musikschule-fuerth.de\/\" target=\"_blank\"><b>Musikschule F\u00fcrth e.V.<\/b><\/a><br \/>\nS\u00fcdstadtpark 1<br \/>\nD-90763 F\u00fcrth<\/p>\n<p><strong>Unterkunft<\/strong><\/p>\n<p>F\u00fcr ausw\u00e4rtige Teilnehmer, die \u00fcbernachten wollen, empfehlen wir das nahgelegene:<br \/>\n<a title=\"Hotel Primavera parco\" href=\"http:\/\/www.parco.hotel-primavera.de\/\" target=\"_blank\">Hotel PrimaVera parco<\/a><br \/>\nWaldstra\u00dfe 44 (Ecke Balbiererstra\u00dfe)<br \/>\n90763 F\u00fcrth<br \/>\nTel: 0911 &#8211; 8 100 3 &#8211; 0<br \/>\nFax: 0911 &#8211; 8 100 3 &#8211; 106<br \/>\nEmail: parco@hotel-primavera.de<\/p>\n","protected":false},"excerpt":{"rendered":"<p>Location Musikschule F\u00fcrth e.V. S\u00fcdstadtpark 1 D-90763 F\u00fcrth Unterkunft F\u00fcr ausw\u00e4rtige Teilnehmer, die \u00fcbernachten wollen, empfehlen wir das nahgelegene: Hotel PrimaVera parco Waldstra\u00dfe 44 (Ecke Balbiererstra\u00dfe) 90763 F\u00fcrth Tel: 0911 &#8211; 8 100 3 &#8211; 0 Fax: 0911 &#8211; 8 100 3 &#8211; 106 Email: parco@hotel-primavera.de<\/p>\n","protected":false},"author":1,"featured_media":0,"parent":14,"menu_order":0,"comment_status":"open","ping_status":"open","template":"","meta":{"footnotes":""},"_links":{"self":[{"href":"https:\/\/bluesclass.de\/index.php?rest_route=\/wp\/v2\/pages\/1763"}],"collection":[{"href":"https:\/\/bluesclass.de\/index.php?rest_route=\/wp\/v2\/pages"}],"about":[{"href":"https:\/\/bluesclass.de\/index.php?rest_route=\/wp\/v2\/types\/page"}],"author":[{"embeddable":true,"href":"https:\/\/bluesclass.de\/index.php?rest_route=\/wp\/v2\/users\/1"}],"replies":[{"embeddable":true,"href":"https:\/\/bluesclass.de\/index.php?rest_route=%2Fwp%2Fv2%2Fcomments&post=1763"}],"version-history":[{"count":6,"href":"https:\/\/bluesclass.de\/index.php?rest_route=\/wp\/v2\/pages\/1763\/revisions"}],"predecessor-version":[{"id":1881,"href":"https:\/\/bluesclass.de\/index.php?rest_route=\/wp\/v2\/pages\/1763\/revisions\/1881"}],"up":[{"embeddable":true,"href":"https:\/\/bluesclass.de\/index.php?rest_route=\/wp\/v2\/pages\/14"}],"wp:attachment":[{"href":"https:\/\/bluesclass.de\/index.php?rest_route=%2Fwp%2Fv2%2Fmedia&parent=1763"}],"curies":[{"name":"wp","href":"https:\/\/api.w.org\/{rel}","templated":true}]}}